3
What is the thousands digit of 57673874?
3
What is the ten millions digit of 532032055?
3
What is the hundreds digit of 260362706?
7
What is the tens digit of 157806113?
1
What is the thousands digit of 815106064?
6
What is the hundred thousands digit of 4809910?
8
What is the hundred millions digit of 5029615891?
0
What is the units digit of 128691362?
2
What is the tens digit of 1008715813?
1
What is the hundred millions digit of 114986627?
1
What is the tens digit of 1112642114?
1
What is the ten thousands digit of 1002469616?
6
What is the millions digit of 2936896912?
6
What is the thousands digit of 2725844578?
4
What is the tens digit of 37121848?
4
What is the hundreds digit of 125333466?
4
What is the units digit of 28779420?
0
What is the ten thousands digit of 51306036?
0
What is the millions digit of 72804527?
2
What is the ten thousands digit of 223690011?
9
What is the thousands digit of 3390201520?
1
What is the millions digit of 51043291?
1
What is the hundred millions digit of 231658334?
2
What is the hundred thousands digit of 29383765?
3
What is the hundred thousands digit of 252928?
2
What is the hundred millions digit of 130502053?
1
What is the millions digit of 481331385?
1
What is the millions digit of 5570836940?
0
What is the units digit of 292971985?
5
What is the ten thousands digit of 159260474?
6
What is the millions digit of 53334340?
3
What is the units digit of 289917848?
8
What is the hundred thousands digit of 162664099?
6
What is the units digit of 966923226?
6
What is the tens digit of 93922226?
2
What is the thousands digit of 5739794994?
4
What is the ten thousands digit of 90384925?
8
What is the hundred thousands digit of 66146823?
1
What is the millions digit of 6271559361?
1
What is the ten millions digit of 485505869?
8
What is the ten millions digit of 23631800?
2
What is the hundred thousands digit of 190476081?
4
What is the ten millions digit of 739271551?
3
What is the thousands digit of 71282450?
2
What is the hundred millions digit of 923882267?
9
What is the units digit of 59488306?
6
What is the millions digit of 376249826?
6
What is the ten millions digit of 4220365990?
2
What is the hundred millions digit of 179991755?
1
What is the ten thousands digit of 1021761308?
6
What is the millions digit of 29587860?
9
What is the tens digit of 119356030?
3
What is the tens digit of 56813080?
8
What is the hundreds digit of 413398235?
2
What is the ten thousands digit of 81537409?
3
What is the millions digit of 150901388?
0
What is the millions digit of 1089981263?
9
What is the thousands digit of 889448181?
8
What is the hundred millions digit of 3717432177?
7
What is the tens digit of 14382669?
6
What is the ten thousands digit of 12943099?
4
What is the hundred thousands digit of 825828405?
8
What is the ten thousands digit of 2331447010?
4
What is the hundreds digit of 214660064?
0
What is the millions digit of 30534679?
0
What is the tens digit of 193290373?
7
What is the hundreds digit of 1755020827?
8
What is the tens digit of 2892329320?
2
What is the tens digit of 444853190?
9
What is the hundred thousands digit of 15190455?
1
What is the thousands digit of 309106254?
6
What is the tens digit of 546062093?
9
What is the millions digit of 3366094272?
6
What is the millions digit of 4010319204?
0
What is the thousands digit of 135492866?
2
What is the hundreds digit of 112836564?
5
What is the ten thousands digit of 63499401?
9
What is the hundreds digit of 196105173?
1
What is the ten thousands digit of 48355577?
5
What is the hundred thousands digit of 1740584711?
5
What is the millions digit of 860530750?
0
What is the thousands digit of 26444794?
4
What is the hundreds digit of 54341248?
2
What is the hundreds digit of 489611624?
6
What is the tens digit of 954687913?
1
What is the tens digit of 77647216?
1
What is the hundred millions digit of 1860371560?
8
What is the units digit of 21178061?
1
What is the ten thousands digit of 248745196?
4
What is the ten thousands digit of 715893625?
9
What is the units digit of 50600856?
6
What is the units digit of 2763123915?
5
What is the hundred thousands digit of 44562863?
5
What is the hundreds digit of 60772911?
9
What is the billions digit of 1632166867?
1
What is the hundreds digit of 360400184?
1
What is the units digit of 1189753716?
6
What is the units digit of 18882504?
4
What is the ten millions digit of 106267093?
0
What is the ten thousands digit of 142625380?
2
What is the hundred thousands digit of 938728658?
7
What is the units digit of 458180443?
3
What is the hundred millions digit of 1402447809?
4
What is the thousands digit of 277627520?
7
What is the ten thousands digit of 1232241547?
4
What is the ten millions digit of 207439572?
0
What is the ten millions digit of 3055517263?
5
What is the ten thousands digit of 5905640786?
4
What is the hundred thousands digit of 391738288?
7
What is the hundred thousands digit of 1496319675?
3
What is the hundred thousands digit of 829780309?
7
What is the thousands digit of 14421631?
1
What is the millions digit of 396473275?
6
What is the ten thousands digit of 17276044?
7
What is the thousands digit of 127510113?
0
What is the ten thousands digit of 746186461?
8
What is the hundred millions digit of 2181790774?
1
What is the thousands digit of 7171872632?
2
What is the units digit of 257251739?
9
What is the hundred thousands digit of 124120904?
1
What is the millions digit of 391702403?
1
What is the hundred thousands digit of 4074972?
0
What is the hundreds digit of 235017930?
9
What is the hundreds digit of 210099848?
8
What is the tens digit of 131244435?
3
What is the hundreds digit of 72159156?
1
What is the hundreds digit of 73578057?
0
What is the ten thousands digit of 18996931?
9
What is the ten thousands digit of 1124266006?
6
What is the billions digit of 3518799504?
3
What is the billions digit of 1060938980?
1
What is the hundred millions digit of 1031344363?
0
What is the hundreds digit of 1614104116?
1
What is the ten thousands digit of 1234200652?
0
What is the hundred thousands digit of 889821546?
8
What is the ten millions digit of 1999831157?
9
What is the units digit of 2895886087?
7
What is the hundred millions digit of 1209577072?
2
What is the hundreds digit of 180334769?
7
What is the tens digit of 270009668?
6
What is the ten millions digit of 1696212842?
9
What is the hundreds digit of 11005138?
1
What is the ten millions digit of 10874687?
1
What is the tens digit of 459331033?
3
What is the ten millions digit of 188095158?
8
What is the hundreds digit of 40979842?
8
What is the hundred millions digit of 110029269?
1
What is the hundred thousands digit of 144083189?
0
What is the ten millions digit of 261021961?
6
What is the thousands digit of 247885487?
5
What is the ten thousands digit of 83320518?
2
What is the hundreds digit of 422028470?
4
What is the millions digit of 98282731?
8
What is the hundred millions digit of 1227229007?
2
What is the hundred millions digit of 153287568?
1
What is the units digit of 60922651?
1
What is the tens digit of 277788502?
0
What is the millions digit of 1226362?
1
What is the millions digit of 47065630?
7
What is the hundred millions digit of 811359747?
8
What is the hundreds digit of 373178230?
2
What is the millions digit of 485131530?
5
What is the tens digit of 2960272820?
2
What is the units digit of 535091605?
5
What is the hundreds digit of 204583658?
6
What is the tens digit of 1390229223?
2
What is the hundred thousands digit of 141666637?
6
What is the millions digit of 1381580635?
1
What is the millions digit of 48381000?
8
What is the tens digit of 41957304?
0
What is the millions digit of 7309402?
7
What is the thousands digit of 2877765499?
5
What is the hundred thousands digit of 70463709?
4
What is the millions digit of 10239562?
0
What is the millions digit of 1717395945?
7
What is the thousands digit of 425983340?
3
What is the thousands digit of 57210309?
0
What is the millions digit of 5791413?
5
What is the hundred thousands digit of 65713912?
7
What is the hundreds digit of 1158889?
8
What is the hundred thousands digit of 44928518?
9
What is the ten millions digit of 488641850?
8
What i